{"id":350,"date":"2025-01-29T20:24:34","date_gmt":"2025-01-29T20:24:34","guid":{"rendered":"https:\/\/bold-borg.213-165-87-170.plesk.page\/?page_id=350"},"modified":"2025-01-29T20:26:13","modified_gmt":"2025-01-29T20:26:13","slug":"condition-generales-dutilisation","status":"publish","type":"page","link":"https:\/\/samsarcar.fr\/?page_id=350","title":{"rendered":"Condition g\u00e9n\u00e9rales d&rsquo;utilisation"},"content":{"rendered":"\t\t<div data-elementor-type=\"wp-page\" data-elementor-id=\"350\" class=\"elementor elementor-350\" data-elementor-settings=\"{&quot;element_pack_global_tooltip_width&quot;:{&quot;unit&quot;:&quot;px&quot;,&quot;size&quot;:&quot;&quot;,&quot;sizes&quot;:[]},&quot;element_pack_global_tooltip_width_tablet&quot;:{&quot;unit&quot;:&quot;px&quot;,&quot;size&quot;:&quot;&quot;,&quot;sizes&quot;:[]},&quot;element_pack_global_tooltip_width_mobile&quot;:{&quot;unit&quot;:&quot;px&quot;,&quot;size&quot;:&quot;&quot;,&quot;sizes&quot;:[]},&quot;element_pack_global_tooltip_padding&quot;:{&quot;unit&quot;:&quot;px&quot;,&quot;top&quot;:&quot;&quot;,&quot;right&quot;:&quot;&quot;,&quot;bottom&quot;:&quot;&quot;,&quot;left&quot;:&quot;&quot;,&quot;isLinked&quot;:true},&quot;element_pack_global_tooltip_padding_tablet&quot;:{&quot;unit&quot;:&quot;px&quot;,&quot;top&quot;:&quot;&quot;,&quot;right&quot;:&quot;&quot;,&quot;bottom&quot;:&quot;&quot;,&quot;left&quot;:&quot;&quot;,&quot;isLinked&quot;:true},&quot;element_pack_global_tooltip_padding_mobile&quot;:{&quot;unit&quot;:&quot;px&quot;,&quot;top&quot;:&quot;&quot;,&quot;right&quot;:&quot;&quot;,&quot;bottom&quot;:&quot;&quot;,&quot;left&quot;:&quot;&quot;,&quot;isLinked&quot;:true},&quot;element_pack_global_tooltip_border_radius&quot;:{&quot;unit&quot;:&quot;px&quot;,&quot;top&quot;:&quot;&quot;,&quot;right&quot;:&quot;&quot;,&quot;bottom&quot;:&quot;&quot;,&quot;left&quot;:&quot;&quot;,&quot;isLinked&quot;:true},&quot;element_pack_global_tooltip_border_radius_tablet&quot;:{&quot;unit&quot;:&quot;px&quot;,&quot;top&quot;:&quot;&quot;,&quot;right&quot;:&quot;&quot;,&quot;bottom&quot;:&quot;&quot;,&quot;left&quot;:&quot;&quot;,&quot;isLinked&quot;:true},&quot;element_pack_global_tooltip_border_radius_mobile&quot;:{&quot;unit&quot;:&quot;px&quot;,&quot;top&quot;:&quot;&quot;,&quot;right&quot;:&quot;&quot;,&quot;bottom&quot;:&quot;&quot;,&quot;left&quot;:&quot;&quot;,&quot;isLinked&quot;:true}}\" data-elementor-post-type=\"page\">\n\t\t\t\t<div class=\"elementor-element elementor-element-1a9bd40a e-flex e-con-boxed e-con e-parent\" data-id=\"1a9bd40a\" data-element_type=\"container\">\n\t\t\t\t\t<div class=\"e-con-inner\">\n\t\t\t\t<div class=\"elementor-element elementor-element-3e9a7eb8 elementor-widget elementor-widget-text-editor\" data-id=\"3e9a7eb8\" data-element_type=\"widget\" data-widget_type=\"text-editor.default\">\n\t\t\t\t<div class=\"elementor-widget-container\">\n\t\t\t\t\t\t\t<!-- wp:heading -->\n<p data-pm-slice=\"1 1 []\"><strong>1. OBJET<\/strong> Les pr\u00e9sentes Conditions G\u00e9n\u00e9rales d&rsquo;Utilisation (CGU) ont pour objet de d\u00e9finir les modalit\u00e9s et conditions d&rsquo;utilisation du site internet \u00e9dit\u00e9 par <strong>SASU SAM SAR CAR<\/strong>, immatricul\u00e9e sous le SIRET <strong>891 590 653 00011<\/strong>, ayant son si\u00e8ge social situ\u00e9 au <strong>59 all\u00e9es Jean Jaur\u00e8s, CS 215531, 31015 Toulouse Cedex 6, France<\/strong>.<\/p>\n<p><strong>2. ACCEPTATION DES CGU<\/strong> L&rsquo;utilisation du site implique l&rsquo;acceptation pleine et enti\u00e8re des pr\u00e9sentes CGU. L&rsquo;utilisateur reconna\u00eet en avoir pris connaissance et s&rsquo;engage \u00e0 les respecter.<\/p>\n<p><strong>3. ACC\u00c8S AU SITE<\/strong> L&rsquo;acc\u00e8s au site est libre et gratuit. Toutefois, certaines sections peuvent \u00eatre r\u00e9serv\u00e9es aux utilisateurs inscrits. SASU SAM SAR CAR se r\u00e9serve le droit de suspendre ou d&rsquo;interrompre l&rsquo;acc\u00e8s au site pour maintenance ou modification sans pr\u00e9avis.<\/p>\n<p><strong>4. RESPONSABILIT\u00c9S<\/strong> SASU SAM SAR CAR ne saurait \u00eatre tenu responsable des dommages directs ou indirects r\u00e9sultant de l&rsquo;utilisation du site, notamment en cas de force majeure, de virus informatique ou de dysfonctionnements techniques.<\/p>\n<p><strong>5. PROPRI\u00c9T\u00c9 INTELLECTUELLE<\/strong> Tous les \u00e9l\u00e9ments du site (textes, images, logos, etc.) sont prot\u00e9g\u00e9s par le droit d&rsquo;auteur et la propri\u00e9t\u00e9 intellectuelle. Toute reproduction, modification ou diffusion sans autorisation pr\u00e9alable est interdite.<\/p>\n<p><strong>6. DONN\u00c9ES PERSONNELLES<\/strong> Les informations collect\u00e9es sur le site sont trait\u00e9es dans le respect du R\u00e8glement G\u00e9n\u00e9ral sur la Protection des Donn\u00e9es (RGPD). L&rsquo;utilisateur peut exercer ses droits d&rsquo;acc\u00e8s, de rectification et de suppression en contactant <a><strong>contactsscar@gmail.com<\/strong><\/a>.<\/p>\n<p><strong>7. LIENS HYPERTEXTES<\/strong> Le site peut contenir des liens vers des sites tiers. SASU SAM SAR CAR d\u00e9cline toute responsabilit\u00e9 quant au contenu de ces sites externes.<\/p>\n<p><strong>8. MODIFICATION DES CGU<\/strong> SASU SAM SAR CAR se r\u00e9serve le droit de modifier les pr\u00e9sentes CGU \u00e0 tout moment. L&rsquo;utilisateur est invit\u00e9 \u00e0 les consulter r\u00e9guli\u00e8rement.<\/p>\n<p><strong>9. LOI APPLICABLE ET JURIDICTION COMP\u00c9TENTE<\/strong> Les pr\u00e9sentes CGU sont soumises au droit fran\u00e7ais. En cas de litige, les tribunaux comp\u00e9tents seront ceux du ressort de Toulouse.<\/p>\n<p>Pour toute question, veuillez contacter <a><strong>contactsscar@gmail.com<\/strong><\/a>.<\/p>\t\t\t\t\t\t<\/div>\n\t\t\t\t<\/div>\n\t\t\t\t\t<\/div>\n\t\t\t\t<\/div>\n\t\t\t\t<\/div>\n\t\t","protected":false},"excerpt":{"rendered":"<p>1. OBJET Les pr\u00e9sentes Conditions G\u00e9n\u00e9rales d&rsquo;Utilisation (CGU) ont pour objet de d\u00e9finir les modalit\u00e9s et conditions d&rsquo;utilisation du site internet \u00e9dit\u00e9 [&hellip;]<\/p>\n","protected":false},"author":1,"featured_media":0,"parent":0,"menu_order":0,"comment_status":"closed","ping_status":"closed","template":"","meta":{"footnotes":""},"class_list":["post-350","page","type-page","status-publish","hentry"],"_links":{"self":[{"href":"https:\/\/samsarcar.fr\/index.php?rest_route=\/wp\/v2\/pages\/350","targetHints":{"allow":["GET"]}}],"collection":[{"href":"https:\/\/samsarcar.fr\/index.php?rest_route=\/wp\/v2\/pages"}],"about":[{"href":"https:\/\/samsarcar.fr\/index.php?rest_route=\/wp\/v2\/types\/page"}],"author":[{"embeddable":true,"href":"https:\/\/samsarcar.fr\/index.php?rest_route=\/wp\/v2\/users\/1"}],"replies":[{"embeddable":true,"href":"https:\/\/samsarcar.fr\/index.php?rest_route=%2Fwp%2Fv2%2Fcomments&post=350"}],"version-history":[{"count":5,"href":"https:\/\/samsarcar.fr\/index.php?rest_route=\/wp\/v2\/pages\/350\/revisions"}],"predecessor-version":[{"id":358,"href":"https:\/\/samsarcar.fr\/index.php?rest_route=\/wp\/v2\/pages\/350\/revisions\/358"}],"wp:attachment":[{"href":"https:\/\/samsarcar.fr\/index.php?rest_route=%2Fwp%2Fv2%2Fmedia&parent=350"}],"curies":[{"name":"wp","href":"https:\/\/api.w.org\/{rel}","templated":true}]}}